-h**2 - h - 2. What is p(l)?
-8
Let i = 8 + -5. Let z(j) = j**3 + 4*j - 3*j + 0*j + 1 + 2*j + i*j**2. Determine z(-3).
-8
Let g(o) = o**2 + 6*o - 4. Suppose 0 = -42*u + 40*u - 10. What is g(u)?
-9
Let b(f) = f**2 - 11*f + 14. Let p be b(10). Let u(j) = j - 2. Calculate u(p).
2
Let z(v) be the first derivative of v**2/2 + 8*v + 2. Let o(q) = -q - 9. Let b(u) = 6*o(u) + 7*z(u). Give b(-3).
-1
Let q(p) = p**2 - 6*p + 4. Let t = 10 + -4. Calculate q(t).
4
Let x(c) be the third derivative of c**6/120 + c**5/12 - c**4/4 + c**3 - c**2 + 19. Let f(l) = 3*l + 3. Let k be f(-3). Determine x(k).
6
Let p(j) = -3*j - 12. Let c be p(-9). Suppose 6 = 3*l - 0*l. Suppose -5*n = -x - 3, 3*x = -l*x + n - c. Let r(w) = -w + 1. Give r(x).
4
Suppose 26*n - 22*n - 16 = 0. Let j(o) = -2*o**2 + 5*o**2 - n*o**2 - 1. Calculate j(1).
-2
Suppose 2*b - 9 = -b. Let n(x) = b + 3*x - 4*x - 1. Suppose 2*s - 4 = s. Calculate n(s).
-2
Suppose -3 = -3*b + 3*o, 5*o - 23 = -2*b + 14. Let y be -3 - (2 - b/2). Let d(t) = t**2 - t. Let a(v) = -v**2 + 2*v - 2. Let w(i) = -a(i) - 2*d(i). Give w(y).
-2
Let l(h) be the third derivative of 0*h + 0 + 7/24*h**4 - 3*h**2 - 1/60*h**5 - 5/6*h**3. Determine l(5).
5
Let n be (-60)/(-6)*(-4)/(-10). Let g(r) = -4*r**2 - r**2 + 4*r**2 + 1 - n*r + 2. Determine g(-5).
-2
Let d(b) = -2*b - b**2 + 2*b**2 + 1 - 5*b**3 + 2*b**3. Suppose f + 3*j + 7 = -2, f - 15 = 5*j. Suppose 2*a + 0 - 2 = f. What is d(a)?
-3
Let t = -4 - -17/4. Let o(v) be the first derivative of -8*v + 3 - t*v**4 - 1/3*v**3 + 1/2*v**2. What is o(0)?
-8
Let y(m) = -2*m**3 + 3*m**2 + 8*m + 8. Let z(p) = -p**3 + p**2 + 4*p + 4. Let s(u) = 3*y(u) - 5*z(u). Let f(g) = g**2 + g - 1. Let i be f(2). What is s(i)?
-1
Let v(h) = -6*h**2 - 7 - h**3 + 2*h + 3*h**2 + 4*h + 0*h. Let d be v(-5). Suppose 3*p - c = 1, p - 3*c - d = 2*p. Let a(s) = -6*s**2 - s - 1. Calculate a(p).
-6
Let f(l) be the first derivative of -1 + 5*l**2 + 3*l - 5*l - 4*l**2 + 5. Determine f(4).
6
Let a(t) = t**3 - 3*t + 3. Let p(v) = v**2 + 2*v - 5. Let z be p(-4). Let c be (-2 + z*4)/1. Let q(s) = -s + 12. Let d be q(c). What is a(d)?
5
Let b(c) = 1. Let h(r) = -r**3 - 6*r**2 - 5*r + 4. Let a(v) = 2*b(v) + h(v). Calculate a(-5).
6
Let h be 4*4/32*2. Let y(t) = 13*t**3 + t - 1. Calculate y(h).
13
Let x(d) = d**3 + 7*d**2 + 5*d - 6. Let n(f) = f**2 - 6 + 2*f**2 - 5*f**2 + f**2 - 9*f. Let k be n(-9). Give x(k).
0
Let u(v) = -v**3 + v**2 + 17. Let h be u(0). Let j = h - 21. Let q(k) = -4*k**2 - 4 - 6*k + 0*k + 3*k**2. Determine q(j).
4
Let u(t) = -t**3 + 4*t**2 - 3*t + 4. Suppose 12 - 18 = -2*q. Calculate u(q).
4
Let s(b) = -b**3 - 3*b**2 - 5*b - 3. Let o(t) = 4*t + 4 + 0*t + 2*t**3 + 3*t**2 + 2*t. Let a(g) = -2*o(g) - 3*s(g). Calculate a(4).
-3
Let u(b) = b**3 + b**2 + b + 7. Let n be u(0). Let p(y) = y**2 - 9*y + 9. Let c be p(n). Let h(x) = 0*x + 0*x + x + 3. Calculate h(c).
-2
Let g(s) be the third derivative of -s**5/60 + 5*s**4/24 - 7*s**3/6 - 12*s**2. Determine g(5).
-7
Let v = -34 - -36. Suppose 3*j + n = 3, -2*j - n = n - 2. Let m(h) = 3*h**2 - 3*h + 2. Let p(i) = i**2 - i + 1. Let t(o) = j*m(o) - 2*p(o). What is t(v)?
2
Let n(b) = 3*b. Let s = 2 - -1. Let f be 3/(9/(-12)*1). Let y = s + f. Determine n(y).
-3
Let i(l) = 4*l + 19. Suppose 2*c - 3*c + 11 = 0. Let j(o) = o + 1. Let k(n) = -8*n - 16. Let p(z) = 6*j(z) + k(z). Let h(u) = c*p(u) + 6*i(u). What is h(-3)?
-2
Let r(f) be the first derivative of 1/3*f**3 - 7/2*f**2 + f + 5. Calculate r(5).
-9
Let l(r) = 5*r**3 + 2*r - 1. Let g be l(1). Let q be ((-4)/g)/(1/(-21)). Let c be (-5)/(-20) + q/8. Let o(y) = y. Calculate o(c).
2
Let k = -15 - -18. Suppose 2*l + k*c = 1, l - 4*c + 0*c + 5 = 0. Let p(r) = r**3 - r**2 - r. What is p(l)?
-1
Let k(y) = -18*y + 25*y - 15*y - 3. Give k(-2).
13
Let j(b) be the third derivative of b**6/120 - b**5/15 - b**4/8 - 7*b**3/6 + 2*b**2. Let v(i) = -2*i - 5. Let s be v(-5). Give j(s).
3
Let j(g) be the second derivative of g**5/20 - g**4/2 - 7*g**3/6 - 2*g**2 + 6*g. Let o be j(7). Let v(c) = -c**2 - 6*c. Determine v(o).
8
Let f(x) be the third derivative of -1/60*x**6 - 1/12*x**4 + x**2 + 1/20*x**5 + 1/2*x**3 + 0*x + 0. Let d be (-2 - (-8)/4) + 7 + -5. Calculate f(d).
-5
Let p(a) = -3*a + 2*a + 2*a. Suppose -3*j = -4 - 5. Suppose j*u + 4 = -u. Give p(u).
-1
Let x(w) be the second derivative of w**6/360 - w**5/24 - w**4/3 + w**3/3 - 2*w. Let c(u) be the second derivative of x(u). What is c(6)?
-2
Let i(f) = -2*f - 16. Let l be i(-8). Suppose -3*n + l + 3 = 0. Let g(q) = 2*q. Give g(n).
2
Let a(p) be the first derivative of p**2 + 5*p - 52. Give a(5).
15
Let j(v) = -6*v + 7*v + 5 + 4 - 1. Let h be j(-10). Let y(c) = c**3 - c**2 + 2*c + 1. Calculate y(h).
-15
Let x(w) = w**3 + 5*w**2 - 7*w - 1. Suppose 2*k = -4*j - 6 - 12, -27 = 5*k + 4*j. Let t = -3 + k. Determine x(t).
5
Let v(w) be the second derivative of 0 - 2/3*w**3 - w + 1/2*w**2. Calculate v(1).
-3
Let s(h) = -h + 1. Let d(k) = -k - 6. Let p = -13 - -18. Suppose -o + p*o + 2*t = -12, 2*t = 2*o + 18. Let f be d(o). Determine s(f).
2
Let y(t) be the third derivative of t**6/120 - t**5/15 - t**4/24 + 2*t**3/3 - t**2. Let r(o) = 2*o - 24. Let a be r(14). What is y(a)?
0
Let y = 10 - 10. Let s be 98/(-7) - (-3 - y). Let f = -8 - s. Let m(b) = b**3 - 5*b**2 + 4*b + 1. What is m(f)?
-5
Let l(h) = -6*h**2 - 3*h - 7. Let g(b) = 11*b**2 + 6*b + 13. Let r(q) = -4*g(q) - 7*l(q). What is r(-2)?
-5
Let l(q) = -q**3 - 5*q**2 - 4*q - 6. Let f(g) = g**3 - 7*g**2 - 2*g + 2. Let z be f(7). Let n be (z/(-9))/(1/(-3)). Give l(n).
-6
Let j(n) = 3*n - 6. Let y(t) = 3*t - 4. Let i(l) = 2*j(l) - 3*y(l). Give i(5).
-15
Let j(g) = 2*g**3 - g**2. Let i = -3 + 2. Calculate j(i).
-3
Let g(r) be the second derivative of r**3/3 - 11*r**2/2 + 19*r. Determine g(8).
5
Let w be (-2)/(-3 - 14/(-6)). Let n(s) = -s**3 + s**2 + 3*s + 1. Calculate n(w).
-8
Let y(i) = -6*i**2 + 1. Suppose 3 = 2*n - 3. Suppose n = 3*z - 6. Let m(p) = -p + 4. Let g be m(z). What is y(g)?
-5
Suppose x - 1 = -6. Let y(d) = -2*d - 7. What is y(x)?
3
Suppose -5*j - 3*x - 13 = -4*x, 0 = j - 3*x - 3. Let w be (-4)/(-3)*j/(-2). Let o(b) = -b**3 + 3*b**2 - 3*b + 2. Give o(w).
0
Let d(v) = 0 + 10 - v - 3. Give d(4).
3
Let a = -7 - -10. Let x(y) = a + y + 0 - 3 + 1. Give x(-5).
-4
Let y(q) = q + 6. Let z be (-9)/(6 + -3)*-3. Suppose -15 = -3*r - 2*l, -5*r + z*l - 4*l = 0. Let d = r - 3. What is y(d)?
6
Let l(u) be the third derivative of 3*u**2 + 0 + 1/20*u**5 + 0*u**4 + 1/60*u**6 + 0*u + 0*u**3. What is l(-2)?
-4
Let d(x) be the second derivative of x**5/20 - x**4/3 - 2*x**3/3 + x**2 + 20*x. Calculate d(5).
7
Let o(n) = -4*n. Let v(m) = m**3 - 7*m**2 + 2*m - 10. Let k be v(7). Suppose 13 - 43 = -3*q. Suppose 2*t - t = w - 3, k*t + q = 5*w. Determine o(w).
8
Let s(m) = m + 1. Let k be (-54)/15*(-5)/2. Let n = -11 + k. Give s(n).
-1
Let x(p) = -5*p**2 + 11*p - 5. Let g(w) = -3*w**2 + 5*w - 2. Let t(f) = 7*g(f) - 3*x(f). Give t(-1).
-7
Let m(z) be the third derivative of -z**4/24 + z**3/3 - 2*z**2. Let u be ((-3)/(-2))/(12/48). Suppose 3*l = -3, 0 = 4*a + l + 19 - u. Determine m(a).
5
Let i(f) = -9 - 3 + 1 + f. Determine i(5).
-6
Let b(v) = v - 5. Let p = 7 - 4. Suppose 3*k - p*i + 20 = 7*k, -2*k + 10 = 3*i. Calculate b(k).
0
Let o = 3 - 0. Let q(h) = h**3 - h**2 - h - 4. Give q(o).
11
Suppose 3*n = -b - 5, -3*b - 9 = -4*n + 6. Let v be 2 + (-6)/1 + n. Let i(q) = -4*q + 10. Let g(h) = -3*h + 9. Let u(r) = 5*g(r) - 4*i(r). Calculate u(v).
1
Let v = 96 + -96. Let n(m) be the second derivative of -1/3*m**4 + 5/2*m**2 + 2*m + 5/6*m**3 + v - 1/20*m**5. Calculate n(-5).
5
Suppose 0 = 7*y + 46 - 11. Let i(m) = -2*m**2 - 6*m + 7. Determine i(y).
-13
Let s be (9/(-6))/(6/(-8)). Let i(u) = 3*u**2 - 7*u**3 + 6*u**3 - 2*u**s + 2. Calculate i(0).
2
Let w be 1 + 0/(-3) + 12. Suppose -3 = c, 2*c + w = -h + 2. Let o = -9 - h. Let n(x) = x + 3. Determine n(o).
-1
Let c(o) = -o**3 + 4*o**2 + o + 3. Suppose -27 + 15 = -3*r. Calculate c(r).
7
Let p(c) be the first derivative of -c**3/3 + 3*c**2 - 5*c + 1. Let u be 1/((0 - 2) + 9/4). Determine p(u).
3
Let f(k) = 4*k**2 - k. Let o be f(-1). Suppose -4*x + 15 = -o. Let c(w) = w - 2. Give c(x).
3
Suppose -2*p - 7 = j, 2*j + 10 = -5*p + j. Let g(w) = 22*w**3 + w**2 + w. What is g(p)?
-22
Let d(x) = 18*x**2 + 1 - 17*x**2 - 7 